 140?
False
Does 132 divide 5016?
True
Is 56 a factor of 1345?
False
Does 34 divide 13056?
True
Is 21 a factor of 2331?
True
Does 48 divide 2399?
False
Does 45 divide 19620?
True
Does 19 divide 169161?
False
Is 23509 a multiple of 5?
False
Does 36 divide 720?
True
Does 44 divide 3992?
False
Is 22 a factor of 10797?
False
Does 2 divide 12019?
False
Is 28926 a multiple of 18?
True
Is 1940 a multiple of 6?
False
Is 1305 a multiple of 87?
True
Does 14 divide 50367?
False
Is 14 a factor of 177?
False
Is 47 a factor of 658?
True
Does 132 divide 68255?
False
Is 45 a factor of 595?
False
Is 9 a factor of 6227?
False
Does 16 divide 3552?
True
Is 14 a factor of 28665?
False
Does 18 divide 3884?
False
Is 176 a multiple of 22?
True
Is 5738 a multiple of 155?
False
Is 120 a multiple of 8?
True
Is 28420 a multiple of 3?
False
Is 30 a factor of 1613?
False
Is 57 a factor of 1824?
True
Is 40 a multiple of 4?
True
Is 27 a factor of 6993?
True
Is 4 a factor of 3952?
True
Does 20 divide 4940?
True
Does 3 divide 891?
True
Does 5 divide 664?
False
Is 38 a factor of 3423?
False
Does 45 divide 8505?
True
Does 66 divide 4045?
False
Is 9 a factor of 3529?
False
Is 16582 a multiple of 4?
False
Does 42 divide 10713?
False
Does 30 divide 146239?
False
Is 40804 a multiple of 187?
False
Is 3748 a multiple of 25?
False
Is 6 a factor of 261?
False
Does 41 divide 13981?
True
Is 145 a multiple of 10?
False
Is 31 a factor of 3410?
True
Does 14 divide 11774?
True
Is 940 a multiple of 50?
False
Does 25 divide 7850?
True
Is 57 a factor of 5956?
False
Does 59 divide 6077?
True
Is 6 a factor of 156?
True
Is 63802 a multiple of 38?
True
Is 6 a factor of 1544?
False
Is 35 a factor of 2660?
True
Is 22794 a multiple of 17?
False
Does 30 divide 240?
True
Is 18 a factor of 234?
True
Does 19 divide 1068?
False
Is 470 a multiple of 47?
True
Is 495 a multiple of 10?
False
Does 18 divide 1962?
True
Does 3 divide 660?
True
Does 10 divide 1699?
False
Is 106 a factor of 14200?
False
Does 7 divide 70?
True
Is 3 a factor of 2598?
True
Does 13 divide 358?
False
Does 26 divide 1690?
True
Is 2 a factor of 1061?
False
Does 3 divide 9?
True
Does 23 divide 6164?
True
Is 391 a multiple of 13?
False
Is 4 a factor of 4015?
False
Does 6 divide 328?
False
Does 54 divide 15005?
False
Is 71 a factor of 1349?
True
Does 39 divide 19809?
False
Does 39 divide 2886?
True
Is 20800 a multiple of 5?
True
Does 21 divide 19667?
False
Is 25 a factor of 725?
True
Does 47 divide 4982?
True
Is 360 a multiple of 40?
True
Is 23 a factor of 437?
True
Is 3696 a multiple of 67?
False
Is 32 a factor of 96992?
True
Does 17 divide 158?
False
Is 1387 a multiple of 19?
True
Does 3 divide 1861?
False
Is 9 a factor of 9?
True
Is 4870 a multiple of 11?
False
Does 48 divide 336?
True
Is 87 a factor of 6306?
False
Is 17 a factor of 13549?
True
Does 106 divide 60290?
False
Is 55 a factor of 1320?
True
Does 13 divide 6556?
False
Does 17 divide 2798?
False
Does 5 divide 3330?
True
Does 17 divide 21?
False
Is 23532 a multiple of 106?
True
Is 3 a factor of 62?
False
Is 400 a multiple of 2?
True
Does 12 divide 92200?
False
Does 107 divide 2247?
True
Is 12 a factor of 932?
False
Is 5637 even?
False
Does 92 divide 460?
True
Is 369 a multiple of 35?
False
Is 16116 a multiple of 17?
True
Is 13 a factor of 9906?
True
Is 336 a multiple of 12?
True
Does 43 divide 3053?
True
Is 800 a multiple of 5?
True
Does 8 divide 3611?
False
Does 62 divide 36469?
False
Is 24 a factor of 14137?
False
Is 15 a factor of 8940?
True
Is 13 a multiple of 9?
False
Does 44 divide 1792?
False
Is 3179 a multiple of 12?
False
Is 134 a factor of 103595?
False
Is 32877 a multiple of 23?
False
Does 28 divide 45836?
True
Is 45 a factor of 38871?
False
Is 65 a factor of 32240?
True
Is 865 a multiple of 39?
False
Is 19 a factor of 57?
True
Is 4 a factor of 125?
False
Does 62 divide 35404?
False
Is 2607 a multiple of 41?
False
Is 93081 a multiple of 37?
False
Is 400 a multiple of 16?
True
Does 34 divide 1009?
False
Is 3150 a multiple of 70?
True
Is 9933 a multiple of 43?
True
Is 27 a factor of 17889?
False
Is 56 a factor of 390?
False
Does 12 divide 320?
False
Is 2 a factor of 115?
False
Does 29 divide 2689?
False
Is 9492 a multiple of 14?
True
Does 35 divide 2660?
True
Is 23791 a multiple of 19?
False
Does 2 divide 1057?
False
Is 14740 a multiple of 10?
True
Is 5260 a multiple of 3?
False
Is 82 a factor of 1148?
True
Is 71 a factor of 4032?
False
Is 4619 a multiple of 31?
True
Is 79 a multiple of 15?
False
Does 34 divide 16558?
True
Is 24 a factor of 87554?
False
Does 29 divide 3190?
True
Is 3 a factor of 72?
True
Is 3525 a multiple of 141?
True
Is 572 a multiple of 128?
False
Is 13 a factor of 6097?
True
Is 29 a factor of 4683?
False
Does 25 divide 23600?
True
Is 1028 a multiple of 98?
False
Does 185 divide 13686?
False
Is 4580 a multiple of 30?
False
Does 66 divide 1584?
True
Is 8 a factor of 793?
False
Is 1050 a multiple of 25?
True
Is 14 a factor of 280?
True
Is 6545 a multiple of 55?
True
Is 3558 a multiple of 21?
False
Is 66757 a multiple of 79?
False
Is 13 a factor of 2275?
True
Is 765 a multiple of 2?
False
Is 517 a multiple of 83?
False
Is 1316 a multiple of 14?
True
Is 17655 a multiple of 36?
False
Is 14496 a multiple of 48?
True
Is 500 a multiple of 4?
True
Is 7626 a multiple of 123?
True
Is 20 a factor of 141520?
True
Is 15735 a multiple of 5?
True
Is 30 a factor of 3138?
False
Does 20 divide 1364?
False
Does 28 divide 30044?
True
Is 9 a factor of 918?
True
Is 7 a factor of 7308?
True
Is 124 a multiple of 6?
False
Is 4093 a multiple of 7?
False
Is 21 a factor of 789?
False
Does 26 divide 1222?
True
Is 35 a factor of 184?
False
Does 12 divide 180?
True
Is 7467 a multiple of 24?
False
Is 119 a factor of 11201?
False
Does 7 divide 10581?
False
Is 53 a factor of 3339?
True
Is 24576 a multiple of 192?
True
Does 15 divide 23801?
False
Is 1430 a multiple of 10?
True
Is 27 a factor of 876?
False
Is 35 a factor of 6160?
True
Is 18 a factor of 60534?
True
Is 168 a factor of 8934?
False
Is 23 a multiple of 23?
True
Is 21 a factor of 3459?
False
Is 35 a multiple of 2?
False
Does 37 divide 8584?
True
Does 10 divide 30180?
True
Is 1618 a multiple of 30?
False
Does 110 divide 5170?
True
Is 1819 a multiple of 47?
False
Is 3168 a multiple of 72?
True
Does 44 divide 3124?
True
Is 93 a factor of 1581?
True
Is 6813 a multiple of 16?
False
Does 35 divide 8163?
False
Does 30 divide 5860?
False
Is 2 a factor of 12?
True
Does 24 divide 6694?
False
Does 61 divide 15743?
False
Is 157310 a multiple of 10?
True
Does 10 divide 5275?
False
Does 4 divide 148?
True
Is 3824 a multiple of 82?
False
Is 6 a factor of 18?
True
Does 83 divide 1754?
False
Is 5130 a multiple of 45?
True
Is 182 a factor of 2912?
True
Does 50 divide 381?
False
Is 18 a factor of 409?
False
Is 96 a factor of 2911?
False
Is 10 a factor of 571?
False
Is 1547 a multiple of 17?
True
Is 28 a factor of 1036?
True
Is 520 a multiple of 20?
True
Is 39 a factor of 1263?
False
Is 3 a factor of 485?
False
Does 10 divide 4910?
True
Does 19 divide 34852?
False
Does 62 divide 45198?
True
Is 3262 a multiple of 11?
False
Is 1169 a multiple of 33?
False
Does 7 divide 355?
False
Does 19 divide 28?
False
Is 17 a factor of 3740?
True
Is 9986 a multiple of 96?
False
Does 6 divide 20874?
True
Is 44 a factor of 8492?
True
Is 8 a factor of 26?
False
Does 3 divide 1447?
False
Is 2680 a multiple of 10?
True
Does 4 divide 4334?
False
Is 4416 a multiple of 138?
True
Is 5 a factor of 246?
False
Is 19 a factor of 6773?
False
Is 1800 a multiple of 24?
True
Is 32 a factor of 6752?
True
Does 15 divide 290?
False
Is 4 a factor of 138?
False
Is 23668 a multiple of 61?
True
Is 73 a factor of 6497?
True
Is 18 a factor of 180?
True
Does 17 divide 1649?
True
Does 3 divide 2997?
True
Is 3480 a multiple of 58?
True
Is 301 a multiple of 7?
True
Is 10931 a multiple of 54?
False
Is 19 a factor of 3361?
False
Is 227 a factor of 9988?
True
Is 72 a factor of 2091?
False
Is 162 a multiple of 2?
True
Is 30534 a multiple of 78?
False
Does 5 divide 154?
False
Is 23427 a multiple of 222?
False
Is 41567 a multiple of 331?
False
Does 47 divide 705?
True
Is 42362 a multiple of 15?
False
Is 2387 a multiple of 7?
True
Is 114 even?
True
Is 200 a factor of 45400?
True
Is 1003 a multip